9).
1219
Let m(q) = q**3 - 8*q**2 - 21*q - 23. Determine m(9).
-131
Let m(c) = -c**3 - 8*c**2 + 11*c - 11. What is m(-9)?
-29
Let f(d) = -21*d**2 + 187*d - 35. Determine f(9).
-53
Let f(g) = -2*g**3 - 374*g**2 - 1101*g + 555. Calculate f(-184).
3
Let f(k) = -k**3 + 57*k**2 - 811*k - 23. Determine f(28).
5
Let c(j) = -1475*j + 35434. Give c(24).
34
Let z(k) = -27*k**3 + 1538*k**2 + 64*k - 399. Calculate z(57).
0
Let v(o) = -23*o - 64. Give v(11).
-317
Let d(o) = 9*o**2 - 69*o + 28. Calculate d(7).
-14
Let j(b) = b**2 - 111*b + 1726. Determine j(18).
52
Let c(b) = 8*b**2 - 6*b - 22. Give c(0).
-22
Let t(n) = n**2 + 3*n - 242. What is t(14)?
-4
Let g(i) = 3*i**2 + 36*i + 94. Determine g(-4).
-2
Let k(l) = -l**2 + 48*l + 3. What is k(48)?
3
Let f(y) = 742*y - 11875. Give f(16).
-3
Let w(l) = 303*l + 11209. Calculate w(-37).
-2
Let s(l) = -2*l**3 - 37*l**2 - 77*l - 1073. What is s(-18)?
-11
Let t(k) = -3*k**2 + 113*k - 406. Calculate t(33).
56
Let l(k) = k**2 + 282*k + 2709. Calculate l(-10).
-11
Let m(d) = 4*d**2 + 118*d + 461. Calculate m(-4).
53
Let c(y) = 8*y**2 + 138*y + 167. What is c(-16)?
7
Let x(o) = -o**3 + 78*o**2 - 157*o + 388. Determine x(76).
8
Let q(x) = 168*x**2 - 2*x - 4. Give q(-1).
166
Let s(g) = -54*g**2 + 50*g + 20. Determine s(1).
16
Let w(g) = 22549*g - 202938. What is w(9)?
3
Let v(q) = q**3 + 29*q**2 + 64*q + 1014. Give v(-28).
6
Let z(q) = 31*q**3 + 61*q**2 - 14*q - 18. Give z(-2).
6
Let y(n) = -3*n**3 - 64*n**2 + 46*n + 76. Calculate y(-22).
32
Let u(w) = 4*w**2 - 4*w - 10. Calculate u(-3).
38
Let i(q) = 1052*q + 14722. Calculate i(-14).
-6
Let z(o) = 6*o - 120. Determine z(18).
-12
Let v(j) = 976*j - 51721. What is v(53)?
7
Let r(d) = -3*d + 80. Calculate r(19).
23
Let v(y) = -y**3 - 41*y**2 - 116*y + 7. Calculate v(-38).
83
Let q(d) = -2*d**3 + 50*d**2 - 40*d + 1019. What is q(25)?
19
Let m(i) = i**3 + 33*i**2 + 109*i - 208. Give m(-29).
-5
Let k(m) = m**3 - 117*m**2 + 1783*m - 135. Give k(99).
-36
Let u(h) = h**3 + 189*h**2 + 8684*h - 466. Determine u(-79).
8
Let x(g) = -2*g**2 + 90*g - 744. Calculate x(11).
4
Let v(b) = b**3 + 18*b**2 - 316*b + 909. What is v(4)?
-3
Let j(g) = g**3 + 5*g**2 - 19*g - 101. Determine j(-4).
-9
Let g(r) = -84*r - 242. Give g(-3).
10
Let r(p) = 90*p - 292. Give r(3).
-22
Let b(h) = -397*h + 1604. Calculate b(4).
16
Let v(b) = -3*b**2 + 59*b - 13. Calculate v(20).
-33
Let r(m) = -m**3 - 261*m**2 - 1761*m + 9. Determine r(-7).
-110
Let i(h) = 85*h + 5706. Calculate i(-67).
11
Let x(f) = -70*f - 248. What is x(-4)?
32
Let g(y) = -60*y - 185. Determine g(-7).
235
Let q(n) = -989*n - 11757. What is q(-12)?
111
Let c(b) = -3*b**2 + b + 15. Calculate c(0).
15
Let m(k) = 13*k**2 - 11*k - 6. Determine m(-4).
246
Let c(u) = 23*u + 22. Give c(4).
114
Let c(p) = -158*p + 69. Give c(1).
-89
Let u(t) = t**2 - t - 12. Calculate u(8).
44
Let m(l) = 14427*l + 28842. Calculate m(-2).
-12
Let c(q) = q**3 - 5*q**2 + 17*q - 51. Determine c(6).
87
Let h(w) = -w**3 + 24*w**2 - 5*w + 166. Determine h(24).
46
Let k(a) = -76*a + 85. Determine k(1).
9
Let i(j) = 489*j + 2450. What is i(-5)?
5
Let s(g) = -17*g - 502. Give s(-10).
-332
Let a(o) = 10*o**3 - 365*o**2 + 196*o - 571. Determine a(36).
5
Let s(t) = 5*t**3 + 23*t**2 - 9*t + 3. What is s(-5)?
-2
Let g(h) = -h**2 + 24*h + 8. Calculate g(17).
127
Let q(x) = 6*x**2 + 31*x - 15. Give q(8).
617
Let q(z) = -46*z**3 - 361*z**2 + 54*z - 7. Calculate q(-8).
9
Let h(q) = -15*q**3 - 16*q**2 - 31*q - 7. What is h(-2)?
111
Let h(i) = 20*i + 57. What is h(-4)?
-23
Let z(j) = j**2 - 50*j - 808. Calculate z(58).
-344
Let r(s) = -3*s**3 - 22*s**2 + 12*s - 45. What is r(-8)?
-13
Let u(d) = 757*d + 42380. Calculate u(-56).
-12
Let y(n) = 138*n - 2052. Give y(15).
18
Let q(h) = -h**3 - 18*h**2 + 69*h + 1589. Determine q(-16).
-27
Let q(h) = -3*h**2 + 1179*h - 8. Determine q(0).
-8
Let x(c) = -941*c**2 - 12233*c - 4. Determine x(-13).
-4
Let h(n) = 262*n + 2366. Determine h(-9).
8
Let t(w) = 5*w - 65. Give t(13).
0
Let u(c) = 300*c**3 + 10*c**2 + 4*c - 2. What is u(-1)?
-296
Let l(z) = -9*z**3 + 93*z**2 - 17*z + 21. What is l(10)?
151
Let n(d) = -d**3 - 229*d**2 + 708*d + 2789. Give n(-232).
5
Let o(l) = -l**3 + 46*l**2 + 100*l - 198. Determine o(48).
-6
Let g(f) = -17*f**2 + 103*f + 2. Calculate g(5).
92
Let v(r) = r**3 - 2*r**2 - 35*r - 86. Give v(-6).
-164
Let p(y) = 7304*y - 58441. Calculate p(8).
-9
Let o(j) = -2*j**3 + 9*j**2 + 69*j + 10. Calculate o(-4).
6
Let p(m) = m**2 - 2712*m + 16228. Calculate p(6).
-8
Let a(b) = 2*b**2 + 66*b - 2740. What is a(25)?
160
Let l(j) = 4*j**2 + 181*j - 30. Determine l(-46).
108
Let x(i) = -i**3 - 6*i**2 + 12*i + 34. What is x(-2)?
-6
Let z(h) = -h**2 + 17*h + 60. Give z(-5).
-50
Let l(s) = -7*s**2 - 13*s - 2. Give l(-3).
-26
Let f(g) = -g**2 + 71*g - 454. Give f(7).
-6
Let y(s) = s**2 - 105*s + 2383. What is y(33)?
7
Let j(y) = y**2 - 187*y + 2448. What is j(14)?
26
Let q(r) = 4*r**3 - 139*r**2 + 102*r + 10. Determine q(34).
10
Let l(x) = -3*x - 61. Give l(-14).
-19
Let h(u) = 9*u + 44. Calculate h(9).
125
Let t(o) = -o**2 + 633*o + 4481. Determine t(-7).
1
Let o(k) = -k**2 + 144*k + 842. Give o(150).
-58
Let n(u) = -u**3 - 90*u**2 - 164*u + 988. Determine n(-88).
-68
Let y(o) = -o**3 - 10*o**2 - 18*o - 14. Give y(-8).
2
Let d(s) = -7*s**2 + 35*s - 41. Give d(8).
-209
Let x(u) = -u**2 + 127*u - 3240. Give x(35).
-20
Let c(h) = 7*h**2 - 166*h + 668. Calculate c(16).
-196
Let f(l) = -l**2 - 1615*l - 9637. Give f(-6).
17
Let c(f) = 485*f + 2774. Determine c(-6).
-136
Let b(g) = -36*g - 2671. Give b(-74).
-7
Let o(h) = -2*h**3 + 19*h**2 + 49*h + 7. Give o(12).
-125
Let c(i) = -106*i + 2862. What is c(27)?
0
Let x(k) = -k**3 - 2*k**2 - 13*k - 21. Calculate x(-5).
119
Let d(r) = -r**2 - 18*r + 212. Calculate d(-23).
97
Let q(p) = 2*p**2 - 141*p + 716. What is q(65)?
1
Let j(q) = -q**3 - q**2 + 10*q + 11. Give j(-5).
61
Let w(k) = k**2 - 34*k + 203. Determine w(26).
-5
Let m(o) = -o**3 + 34*o**2 + 32*o + 92. Determine m(35).
-13
Let w(t) = -t**2 - 83*t - 1499. Determine w(-54).
67
Let d(p) = p**3 + 12*p**2 - 59*p + 22. Give d(4).
42
Let h(a) = 4*a**3 - 537*a**2 - 404*a - 130. What is h(135)?
5
Let c(w) = 190*w - 5128. Calculate c(27).
2
Let s(v) = v**3 - 28*v**2 + 28*v + 20. Calculate s(27).
47
Let l(m) = -3*m**2 - 1. Determine l(0).
-1
Let p(z) = -10*z**2 - 4*z - 16. Determine p(-4).
-160
Let v(w) = -96*w - 1022. Give v(-11).
34
Let h(m) = -m**2 + 58*m + 1573. What is h(78)?
13
Let m(z) = 73*z**2 + 3*z + 3. What is m(-1)?
73
Let z(o) = 334*o - 13064. Determine z(39).
-38
Let j(t) = -3*t + 30. Calculate j(23).
-39
Let m(z) = z**2 + 28*z - 65. Determine m(-28).
-65
Let r(w) = 113*w + 1637. What is r(-13)?
168
Let t(a) = -2*a**3 + 36*a**2 + 9*a - 159. Determine t(18).
3
Let q(v) = -v**3 - 10*v**2 + 55*v + 534. Determine q(-10).
-16
Let h(s) = -s**3 - 13*s**2 - 45*s - 463. What is h(-12)?
-67
Let t(a) = -2296*a + 20678. Calculate t(9).
14
Let o(x) = -x + 28. Give o(-4).
32
Let j(q) = -q**3 + 43*q**2 - 403*q + 39. Determine j(29).
126
Let q(s) = -s**3 - 29*s**2 + 32*s + 128. Calculate q(-30).
68
Let g(l) = 55*l - 21. Calculate g(0).
-21
Let n(m) = -m**3 + 251*m**2 - 491*m - 1741. Determine n(249).
2
Let a(o) = 25778*o - 25779. Determine a(1).
-1
Let d(q) = -2*q**2 - 6*q + 39. Give d(4).
-17
Let o(k) = 13*k - 548. Calculate o(41).
-15
Let z(b) = -b**2 + 64*b - 51. Calculate z(0).
-51
Let s(z) = -2*z**2 + 65*z - 559. What is s(13)?
-52
Let j(q) = -q**3 - 2*q**2 - 241*q - 239. Give j(-1).
1
Let d(p) = 16*p**2 + 282*p - 282. What is d(1)?
16
Let v(h) = h**2 - 246*h - 1690. Give v(-7).
81
Let c(h) = -15979*h - 95871. What is c(-6)?
3
Let s(j) = j**2 - 183*j + 6130. Determine s(139).
14
Let o(q) = 2*q**2 + 125*q + 1557. Calculate o(-17).
10
Let j(c) = -2*c**2 - 20*c + 3278. Give j(36).
-34
Let w(t) = -27*t**3 + 74*t**2 - 7*t + 1. Calculate w(2).
67
Let t(l) = -52*l + 277. Determine t(6).
-35
Let m(b) = 198*b - 1129. Determine m(6).
59
Let f(y) = -1431*y + 40074. Determine f(28).
6
Let d(f) = 7*f**2 + 247*f + 503. Calculate d(-33).
-25
Let x(b) = b**3 + 2*b**2 - 95*b - 16. Give x(-11).
-60
Let t(o) = 5944*o - 47552. Calculate t(8).
0
Let r(x) = 4*x**2 + 756*x + 2957. What is r(-185)?
-3
Let f(m) = -60*m**2 - 23*m - 6. What is f(-2)?
-200
Let d(r) = -2